divided by 29.
28
Let b(h) = h**3 + 8*h**2 + 3*h - 17. What is the remainder when 41 is divided by b(-7)?
8
Let y(b) = -b**2 + 4*b - 1. Suppose 3 + 1 = 2*x. Calculate the remainder when 2*x - (0 + 2) is divided by y(3).
0
Let v(f) = -f**2 - 13*f + 6. Calculate the remainder when v(-13) is divided by 2.
0
Let r = 250 - 179. Calculate the remainder when r is divided by 19.
14
Suppose -4 = -q, 5*q = 4*v - 0*v + 104. Let f = v - -31. What is the remainder when 18 is divided by f?
8
Let r = -52 - -122. Suppose 9*a - 4*a - r = 0. Calculate the remainder when 55 is divided by a.
13
Let l(t) = 2*t**2 - 1. Let x be l(3). Suppose x + 8 = k. Suppose 2*i + 7 = 3*i. Calculate the remainder when k is divided by i.
4
Let l be 4 + (0 - 3) - 3. What is the remainder when (l/6)/(2/(-78)) is divided by 7?
6
Let o(u) = u**2 - u + 5. What is the remainder when 30 is divided by o(-3)?
13
Let v be (3/9)/(1/15). Suppose f - 33 = -5*w, -v*f = -w - 0*w - 165. What is the remainder when f is divided by (162/(-63))/((-6)/28)?
9
Let h(s) = -s**2 - 10*s + 9. What is the remainder when h(-10) is divided by 6?
3
Suppose 0 = 3*j - 8 - 49. What is the remainder when -2 - -3*(-1 + 26) is divided by j?
16
Let n(a) = -7*a - 7. Suppose -4*t + 81 + 7 = 0. What is the remainder when n(-7) is divided by t?
20
Suppose -14 = 3*k - 4*k. Let p = 16 + -23. Let b = p + k. Calculate the remainder when 13 is divided by b.
6
Let w(a) = -a**3 - 2*a**2 - 2*a + 2. Let v be (1/3)/((-6)/54). Calculate the remainder when w(v) is divided by 9.
8
Let g = -61 + 66. Let d(j) = 19*j**3 - j**2 + j. Calculate the remainder when d(1) is divided by g.
4
Suppose 10*j - 397 = 33. Suppose -3*i - 3 = -2*l - 7, -2*i = 3*l - 20. Suppose 36 = -2*v + i*v + 3*s, s - 17 = -v. What is the remainder when j is divided by v?
13
Suppose 3*d = 2*s + 7*d - 50, -5*d = 10. Suppose 0 = -4*u + 5*u - 10. What is the remainder when s is divided by u?
9
Let z = 26 + -13. Suppose -4*r = 16 - 4. Let m = r + 27. Calculate the remainder when m is divided by z.
11
Let p(b) = 2*b**3 - 7*b**2 - 1. Calculate the remainder when p(5) is divided by 15.
14
Let b be ((-4)/(-6))/((-2)/(-9)). Let p(f) = -2*f + 5. Let n(d) = -d + 3. Let q(r) = 11*n(r) - 6*p(r). What is the remainder when 10 is divided by q(b)?
4
Let x(u) = -6*u**3 + u**2 - u - 1. What is the remainder when 12 is divided by x(-1)?
5
Let g = 1 + 1. Suppose 0 = c - 0 - 5, c + 85 = 5*k. Calculate the remainder when ((-7)/g)/(2/(-20)) is divided by k.
17
Let z(h) = h**3 + 6*h**2 - 5*h - 3. Calculate the remainder when 112 is divided by z(-3).
34
Let h(m) = m**2 + 2*m - 3. Calculate the remainder when h(3) is divided by 1/(-3) + (-330)/(-45).
5
Suppose 5*c - 7 - 3 = 0. Suppose p = -c - 2. Calculate the remainder when 13 is divided by 10/(-40) - 33/p.
5
Let q be (4 + -7)*(3 - 5). Suppose -2 = 5*p - q*p. Calculate the remainder when p is divided by 1.
0
Let p(f) be the first derivative of -5*f**4/4 - 2*f**3/3 - f**2/2 + 2. Let s be p(-1). Suppose -s*m + 206 = 46. Calculate the remainder when m is divided by 14.
12
Let m(w) = -w**3 - 5*w**2 - 7*w - 6. Let y = 5 + -9. Let q be m(y). Let v = q - 3. Calculate the remainder when 7 is divided by v.
1
Suppose p = 5*p. Suppose -2*f = -p*f. Suppose 5*i - 29 - 21 = f. What is the remainder when 38 is divided by i?
8
Suppose 228 = 20*u + 8. Calculate the remainder when 53 is divided by u.
9
Let f = -56 - -88. Suppose 0*m + 4*m = 4*d - 56, 4*m + 34 = 2*d. Calculate the remainder when f is divided by d.
10
What is the remainder when 3 is divided by 3 + (6 + -4)/(-1)?
0
Let z(j) = j**3 - 2*j**2 - 2*j. Let f be z(3). Suppose f = -b - 2. Calculate the remainder when 5 is divided by 4*(-1 - (b + 3)).
1
Suppose 2*y + 98 = 4*p, 5*p - 5*y + y - 115 = 0. Let n = 13 + -11. Suppose -n*l + p = l. Calculate the remainder when 25 is divided by l.
7
Suppose -4*p = -6 - 2. Suppose -2*d + 3 + 7 = 0, -p*d = 3*w - 169. Calculate the remainder when w is divided by 18.
17
Suppose -3*y = -3*z + 6*z + 3, -4*z + y = -11. Suppose 6*l - 4*l - 14 = z*f, -2*l + 5*f = -17. Calculate the remainder when 9 is divided by l.
3
Let m = -55 + 102. Calculate the remainder when m is divided by 29.
18
Let h be 2/(-13) + 360/(-26). Let c = 24 - h. Calculate the remainder when c is divided by 20.
18
What is the remainder when 57 is divided by (-14 + -1)*16/(-12)?
17
Let y(g) = -4*g**3 - 2*g**2 + 5*g + 6. Calculate the remainder when y(-3) is divided by 21.
18
Suppose -5*m + 57 + 3 = 4*b, -2*b = -10. Let f be -1 + 0 - -3 - 1. What is the remainder when m is divided by 10/(f + -1 + 2)?
3
Let s(v) = -7*v - 7. Let t be s(-8). Let k = -34 + t. Suppose k + 17 = 2*z. Calculate the remainder when 31 is divided by z.
15
Let h be (-1 - -6) + (-2 - -3). Let k = h + -3. Suppose -5*d = -5*j - 10, 2*j = j + 4*d - 14. What is the remainder when k is divided by j?
1
Suppose -148 = -3*f - 5*o, o = -4*f + 2*f + 87. Calculate the remainder when f is divided by 14.
13
Suppose -82*h = -77*h - 715. What is the remainder when h is divided by 48?
47
Let b(i) = -i + 11. Let l(p) = -p - 6. Let j be l(-6). What is the remainder when 30 is divided by b(j)?
8
Suppose 3*n = -64 - 11. Let f = -17 - n. What is the remainder when 37 is divided by f?
5
Suppose 52 = t + t. What is the remainder when 76 is divided by t?
24
Let m = 0 - -13. Let c = 435 - 653. Calculate the remainder when c/(-9) + 4/(-18) is divided by m.
11
Suppose -4*h = 5*b - 10, 3*h - 6 = -3*b + h. Suppose -i = b*i - 9. Suppose 0 = -5*a + i*a + 16. What is the remainder when a is divided by 3?
2
Suppose -3*l = -4 + 19. Let i be (-4)/(-10) + (-8)/l. Suppose -5*s = -i*s - 3. Calculate the remainder when 2 is divided by s.
0
Let q = 5 + -1. Suppose 3*n - 18 = -0*n + 3*w, -q*n = w - 39. Suppose 0 = -f - 3*f + 68. What is the remainder when f is divided by n?
8
Suppose 2*f + 0*f - 2 = 0. Let b = f - -2. Suppose -4*l + 115 = -b*o, 2*o + 7 + 3 = 0. What is the remainder when l is divided by 9?
7
Let i(f) = -f + 2. Let m be i(5). Let k(g) = 4*g**2 + 4*g - 1. What is the remainder when 43 is divided by k(m)?
20
Let c = -47 + 91. What is the remainder when c is divided by 15?
14
Suppose -2*d + 2 = -d. Let k(n) = n**3 + 18*n**2 - 20*n - 12. Calculate the remainder when k(-19) is divided by d.
1
Suppose 6*m = m + 20. Suppose 0 = 2*g + g + 4*i - 75, 4*g - m*i = 100. Suppose 26 = 4*c - 10. What is the remainder when g is divided by c?
7
Suppose 0 = -4*s - 4, 2*s + 3*s = -4*f + 43. Let x be 2 - (f/(-2))/3. Suppose 2*a - x*a + 34 = 0. Calculate the remainder when a is divided by 6.
5
Suppose 5*a + 1 = -4*i, 8*i - 10 = 3*i + 5*a. Let g(d) = 7*d**3 + 1 - 5*d**2 + 2*d**2 + d**2. Calculate the remainder when 15 is divided by g(i).
3
Suppose 0 = -4*u - 5*h + 15, -2*u - u + h = -16. Suppose -u*a + 5 = -5. Calculate the remainder when (-1 - -40 - 1)/a is divided by 10.
9
Suppose 0*w - 5*w = 0. Let t = w + 7. What is the remainder when t is divided by 5?
2
Let q = 23 + -15. Let d(f) = 12*f - 3. Calculate the remainder when d(2) is divided by q.
5
Suppose -5*l - 3*v - 2*v = -175, -2*l + 82 = -4*v. What is the remainder when l is divided by 13?
11
What is the remainder when 142 is divided by (6/(-9))/(4/(-174))?
26
Let f(u) = 7 + 0*u + 0*u + 16 - 3*u. Let o(q) = -q + 8. Let n(b) = -6*f(b) + 17*o(b). Calculate the remainder when 37 is divided by n(12).
7
Suppose -t + 5*w - 9 = 0, 0*w = 5*t + 5*w - 75. Calculate the remainder when 141 is divided by t.
9
Suppose 0 = 4*b - 3*j - 14 - 51, -30 = -2*b + 2*j. Calculate the remainder when b is divided by 5.
0
Let p be 2 + 1 + 0 + 3. Let m = 11 + p. What is the remainder when m is divided by 6?
5
Let h = 96 + -14. Suppose -5*z + 2*f + 0 = -h, 0 = 2*f - 8. Calculate the remainder when z is divided by 10.
8
Let y(r) = -3*r**3 + r + 1. Suppose 4*s = -9 + 5. What is the remainder when 9 is divided by y(s)?
0
Let m = 3 + 28. What is the remainder when 61 is divided by m?
30
Suppose 0 = 3*z - 2 + 20. Let v(h) = -2*h + 3. What is the remainder when 44 is divided by v(z)?
14
Let z(h) = h**2 + 6*h - 13. Suppose -5*t - 35 - 10 = 0. Suppose -2*l + 160 = 4*q, 125 = 5*q - 2*q - l. What is the remainder when q is divided by z(t)?
13
Suppose 8*z - z = 469. Calculate the remainder when z is divided by 17.
16
Let l(p) = p - 2 + 3 + 7. Let i be l(-5). Su